7
Let l(m) = 11*m**3 - 4*m**2 + 3*m - 2. Let i(v) = v**2. Let w be i(-2). Suppose -5*q - 9 = -2*p, 5*p + 5*q - w = 1. List the prime factors of l(p).
2, 19
Suppose 0 = -5*p - 15, 0*z - p + 1097 = 5*z. Let a = z - -218. Suppose -3*b - s + a = 3*s, 0 = 3*s - 9. List the prime factors of b.
2, 71
Let c = -13528 - -19939. What are the prime factors of c?
3, 2137
Suppose 0 = 36*i - 237459 + 61203. Suppose -4*y - 4892 = -4*u, 5*u - i = -2*y + 1212. List the prime factors of u.
2, 13, 47
Let f be 10/15*(1 - -11). Suppose 2*z - f = -5*y, 2*y + z - 2 - 1 = 0. Suppose 0 = 4*b + y*b - 1086. What are the prime factors of b?
181
Suppose k - 5*q - 3 = 0, k - q + 26 = -3*k. Let d(o) = -2*o**3 - 6*o**2 + 17*o - 1. What are the prime factors of d(k)?
2, 17
Let x be (-86)/(-4) - -2 - 1/(-2). Let u = x + -24. Suppose u = 2*d - 0*d - 144. What are the prime factors of d?
2, 3
Let n = -67 + 69. Suppose 621 = 2*u + d, n*d - 924 = -3*u - d. List the prime factors of u.
313
Let n = 111764 - 78471. What are the prime factors of n?
13, 197
Let f(q) = -24*q + 8*q**2 + 12*q**2 + 33*q - 2*q**3 + 56 + 31*q**2. List the prime factors of f(24).
2, 5
Suppose 3*g - 2*h - 55722 = 0, -3*g - 2*h - 22880 + 78614 = 0. List the prime factors of g.
2, 3, 43
Suppose -28874 = -4*d - w, 3*d - 3*w - 16246 - 5387 = 0. List the prime factors of d.
7, 1031
Let u be (2/(-4))/(1/74). Let z be 1713/27 - -2 - (-8)/(-18). Let g = u + z. What are the prime factors of g?
2, 7
List the prime factors of 12/18*8535/5.
2, 569
What are the prime factors of (-172)/40*16*(-84 - -9)?
2, 3, 5, 43
Let s(n) = -6*n - 19. Let p be s(-4). Let w(h) = 3*h**3 + 4*h**2 - h - 16. What are the prime factors of w(p)?
2, 227
Let p(q) = 4*q + 22. Let k be p(-5). Suppose -2*y - 10 = -k*f + y, 2 = y. Suppose -91 - 13 = -f*h. List the prime factors of h.
13
Let l(r) be the third derivative of r**6/120 - r**5/6 - 59*r**4/24 + 29*r**3/6 + 148*r**2. What are the prime factors of l(18)?
1559
Let n(j) = 115*j**2 - 158*j + 89. What are the prime factors of n(-26)?
81937
Suppose 4*b = 2*b - 2*y - 24, 0 = -b + 2*y. Let d = 13 + b. Suppose 0 = -j + 3*i + 15 + 83, 252 = 3*j + d*i. List the prime factors of j.
89
Let n = 51442 + -28009. List the prime factors of n.
3, 73, 107
Let q be 46/4 + (136/(-16))/(-17). Let h(j) = -j**3 + 10*j**2 + 24*j - 4. Let f be h(q). What are the prime factors of 1/4 + (-87)/f?
2, 11
Let a(i) = -41*i**2 + 34*i - 33. Let h be a(1). Let v = 3 + -2. List the prime factors of (-3110)/h - v/(-4).
2, 3, 13
Let d = 344 - 341. Suppose -d*g + 0*g = -129. List the prime factors of g.
43
Suppose 0 = -64*l + 228268 + 690452. What are the prime factors of l?
3, 5, 11, 29
Let s(q) = 6*q**2 + 32*q - 17. Let r be s(-6). Suppose r*v - 2864 = 4577. List the prime factors of v.
1063
Let k be 4 - 1 - (2 - 6/3). Let l(s) = -8*s + 32*s + k*s**2 + 15 - 14*s - s**2. List the prime factors of l(-11).
3, 7
What are the prime factors of -2 + (-1615065)/(-55) - (-9)/(594/12)?
29363
Suppose 0*r + 4*f = 2*r - 10, r + 4*f - 5 = 0. Suppose -r*h - 96 = -2*j - 3*h, 252 = 5*j - h. Suppose a = j + 68. What are the prime factors of a?
7, 17
Suppose -7194232 = -262*t + 8593626. List the prime factors of t.
60259
Let m be 21/(-3) + (-4293)/(-3). Suppose m = -10*p + 6204. What are the prime factors of p?
2, 239
Let p = -349 - -532. Let u = 257 + p. What are the prime factors of u?
2, 5, 11
Let x(u) = 76*u**2 + 32*u - 57. What are the prime factors of x(-9)?
3, 13, 149
Let g = 22065 + -5942. What are the prime factors of g?
23, 701
Let a be (-1 + (-3 - -4))*2/(-4). Suppose -4*d - 4*z = -a*z - 2364, d + 5*z - 591 = 0. List the prime factors of d.
3, 197
Suppose -4*o + 8754 + 4408 = q, -o - 65810 = -5*q. List the prime factors of q.
2, 6581
Suppose 0 = -0*m - 6*m + 246. Let l = m - 25. Suppose 5*w - l = 9, -w = y - 65. List the prime factors of y.
2, 3, 5
Let u be (1 - 1)*(-8 + -4 + 11). Suppose u = 18*w - 4539 - 1545. What are the prime factors of w?
2, 13
Let o be 2053/2 + (-3)/(-6). Let r(q) = q**3 - 41*q**2 - 43*q + 42. Let x be r(42). What are the prime factors of (x - 2) + o/13?
7, 11
Let a = 417 + -438. List the prime factors of (-3777)/(12/a - 85/35).
1259
Let f = -666 - -885. Suppose -9*p + 250 = -7*p. Suppose p*a = 122*a + f. List the prime factors of a.
73
Suppose 0 = -298*z + 278*z + 683520. What are the prime factors of z?
2, 3, 89
Suppose 2*s + 3*v - 4891 = 3852, 5*s = v + 21815. What are the prime factors of s?
2, 1091
Let x(p) = -p**3 + 9*p**2 - 6*p + 25. Let a(s) = -s**2 + 11*s - 2. Let u be a(10). List the prime factors of x(u).
41
Suppose -933 + 3615 = 31*b - 11454. What are the prime factors of b?
2, 3, 19
Let f = -23 - -33. Suppose -f*g = -16*g + 24. Suppose -235 = -h - g*h. What are the prime factors of h?
47
Suppose 33 - 8 = 5*q. Suppose x = -q*r + 19, 0 = -4*r + 12 - 0. Suppose -3*m + 493 = 5*p, x*p - 570 = -2*m - 176. List the prime factors of p.
2, 7
Suppose 5*c + 34 + 208 = -i, 0 = 5*c - 5*i + 260. Let s = 557 + c. What are the prime factors of s?
2, 127
List the prime factors of 4054562/475 - (((-146)/(-50) - 4) + 1).
2, 11, 97
Suppose 0*l = -2*x + 2*l + 12, -2*x = 4*l - 6. Suppose -x*w = a + a - 16, -3*a = -5*w + 1. List the prime factors of w.
2
Suppose 70832 = 14*q + 5284. What are the prime factors of q?
2, 2341
Suppose 105 = 7*h + 35. What are the prime factors of 642 - (-2 + -4 - (-80)/h)?
2, 5
Suppose -288*j + 563824 = -1719733 - 4799515. What are the prime factors of j?
2, 3, 4099
Let u(z) = -2342*z - 4567. What are the prime factors of u(-7)?
11827
Let u = -18 - -20. Let a = 2 - u. Suppose 2*d - 2*i = 3*d - 45, a = -2*d - i + 87. What are the prime factors of d?
43
Suppose 3*f + 29 = t, -3*t - 7*f + 2*f + 17 = 0. Let g(s) = 2*s - 32. Let z be g(t). Let v(n) = -19*n - 1. What are the prime factors of v(z)?
3, 5
Let j(z) = -2*z**3 - 26*z**2 + 44*z - 149. List the prime factors of j(-22).
5, 7, 31
List the prime factors of (1 + 1150)*(-4)/14*30268/(-188).
2, 23, 1151
Let r(h) = -11*h + 20 + 7*h + 8*h. Let k be r(-5). Suppose k = -0*j + j - 23. What are the prime factors of j?
23
Suppose 3*j = -2*j - 25. What are the prime factors of 550 + (j - -5 - 2 - -2)?
2, 5, 11
Let s(i) = 8*i - 9. Let r = 98 + -96. Let w be s(r). Suppose w*a - 326 = 5*a. What are the prime factors of a?
163
Let r = -267 - -55. Suppose 169 = 2*l - 425. Let i = r + l. List the prime factors of i.
5, 17
Suppose -2166*c = 4*w - 2169*c - 21010, -4 = 2*c. What are the prime factors of w?
59, 89
Let r be (-2)/7 + (5 - (-156)/7). Suppose 2286 = r*z - 18*z. What are the prime factors of z?
2, 127
Let f = 3695 + 4290. List the prime factors of f.
5, 1597
Suppose -60*g + 209*g - 75154 = 52986. What are the prime factors of g?
2, 5, 43
Let r = -333 + 331. List the prime factors of (-62409)/(-45) - r/15.
19, 73
Let s = -280 - -282. Suppose s*q - 224 = -116. List the prime factors of q.
2, 3
Let b(j) = 4329*j - 13714. What are the prime factors of b(19)?
7, 9791
Let q(b) = 101*b + 2100. List the prime factors of q(14).
2, 7, 251
Suppose 33*u - 36*u + 9 = 0. Let s be (-4)/((-8)/3) + 10413/18. Suppose s = u*g + 2*g. List the prime factors of g.
2, 29
Let d(r) = 6*r**2 - 6 + 3*r**3 - 5*r**3 + 3*r**3 - r - 4*r. Let c be d(-6). Let z = c + 76. List the prime factors of z.
2, 5
Let z(v) = -5 + 23*v - 6 + 0*v**2 - v**2. Let x be z(12). What are the prime factors of (-2 + 5)/3*(x + 0)?
11
Suppose z = 5*v - 13, 4*v + 6 = -5*z - 1. Suppose 17*r + 2600 = 4*n + 21*r, -n = -v*r - 665. List the prime factors of n.
5, 131
What are the prime factors of 6*1 - (52 + -6672)?
2, 3313
Let y be 8/32 + (119/(-4))/(-1). Suppose 1476 = 34*n - y*n. Suppose 0*i = -9*i + n. What are the prime factors of i?
41
Suppose 0 = 5*a - 3*o + 1465, 4*a + 40*o - 44*o = -1172. Let b = 1337 + -857. Let d = a + b. List the prime factors of d.
11, 17
Let w(v) = -v**2 - 9*v + 144. Let x be w(-18). Let q = -207 - -609. What are the prime factors of (q/x)/((-2)/18)?
3, 67
Suppose -f = -0*f - 355. Suppose -13*k = -4*k - 54. Suppose -g - f = -3*u, g - 4*g = -k. What are the prime factors of u?
7, 17
Let m(f) = -13*f - 141. Let c(j) = -24*j - 283. Let o(t) = 2*c(t) - 5*m(t). What are the prime factors of o(-4)?
71
Let i(r) = 408*r - 2091. List the prime factors of i(46).
3, 17, 109
Suppose 0 = -16*